
15
What is the remainder when 5623503 is divided by 63?
60
What is the remainder when 549482926 is divided by 1561?
1560
What is the remainder when 2864063 is divided by 676?
527
Calculate the remainder when 36437 is divided by 11867.
836
Calculate the remainder when 938048 is divided by 938037.
11
What is the remainder when 4693140 is divided by 472?
44
What is the remainder when 140747 is divided by 726?
629
What is the remainder when 4074908 is divided by 807?
365
Calculate the remainder when 12852911 is divided by 233689.
16
Calculate the remainder when 204170 is divided by 22685.
5
Calculate the remainder when 23398030 is divided by 31239.
19
What is the remainder when 17056 is divided by 3328?
416
Calculate the remainder when 1157425 is divided by 115471.
2715
Calculate the remainder when 11926962 is divided by 22.
14
What is the remainder when 551988 is divided by 124?
64
Calculate the remainder when 8264 is divided by 6592.
1672
What is the remainder when 3831699 is divided by 44?
3
Calculate the remainder when 278473 is divided by 1730.
1673
Calculate the remainder when 3079922 is divided by 1393.
1392
What is the remainder when 374983 is divided by 34088?
15
What is the remainder when 527618 is divided by 263808?
2
What is the remainder when 17052 is divided by 16851?
201
Calculate the remainder when 412663 is divided by 919.
32
What is the remainder when 4072561 is divided by 1482?
25
Calculate the remainder when 7734360 is divided by 7734335.
25
What is the remainder when 16994 is divided by 217?
68
What is the remainder when 7658840 is divided by 859?
855
What is the remainder when 477643 is divided by 238797?
49
Calculate the remainder when 156372 is divided by 5578.
188
Calculate the remainder when 1783980 is divided by 1864.
132
Calculate the remainder when 52490 is divided by 17327.
509
What is the remainder when 14620 is divided by 308?
144
Calculate the remainder when 95047 is divided by 1357.
57
Calculate the remainder when 7045697 is divided by 2370.
2057
Calculate the remainder when 14033399 is divided by 4677794.
17
What is the remainder when 56958362 is divided by 18463?
7
What is the remainder when 11473879 is divided by 1104?
7
Calculate the remainder when 3337160 is divided by 1132.
24
What is the remainder when 46932429 is divided by 2690?
2689
What is the remainder when 26074669 is divided by 25?
19
What is the remainder when 40174610 is divided by 173916?
14
What is the remainder when 1188052 is divided by 593995?
62
Calculate the remainder when 30583 is divided by 568.
479
Calculate the remainder when 11200012 is divided by 1244444.
16
What is the remainder when 2412936 is divided by 1979?
535
What is the remainder when 10004 is divided by 1787?
1069
Calculate the remainder when 241951 is divided by 80309.
1024
Calculate the remainder when 222057 is divided by 794.
531
What is the remainder when 364563 is divided by 120403?
3354
What is the remainder when 1569074 is divided by 13?
0
What is the remainder when 131429 is divided by 1701?
452
Calculate the remainder when 2222729 is divided by 3467.
382
What is the remainder when 717635 is divided by 179336?
291
Calculate the remainder when 9718296 is divided by 845.
796
What is the remainder when 772320 is divided by 128708?
72
Calculate the remainder when 8271043 is divided by 245.
88
What is the remainder when 8295 is divided by 132?
111
What is the remainder when 234901633 is divided by 10?
3
What is the remainder when 350112 is divided by 90?
12
Calculate the remainder when 885573 is divided by 295190.
3
Calculate the remainder when 124790 is divided by 54.
50
Calculate the remainder when 3411 is divided by 187.
45
What is the remainder when 9791226 is divided by 9791107?
119
Calculate the remainder when 3293448 is divided by 6919.
4
What is the remainder when 404345 is divided by 2807?
137
Calculate the remainder when 9093104 is divided by 9093017.
87
Calculate the remainder when 17162 is divided by 363.
101
What is the remainder when 5297904 is divided by 721?
717
Calculate the remainder when 33472991 is divided by 609.
524
What is the remainder when 404129 is divided by 1428?
5
Calculate the remainder when 25891119 is divided by 182.
163
What is the remainder when 5326421 is divided by 675?
671
What is the remainder when 5692625 is divided by 86?
27
Calculate the remainder when 5387801 is divided by 19242.
41
What is the remainder when 1334486 is divided by 111181?
314
Calculate the remainder when 6896648 is divided by 7891.
7805
Calculate the remainder when 1584585 is divided by 53.
44
What is the remainder when 2445331 is divided by 1222038?
1255
Calculate the remainder when 1238024 is divided by 66.
62
Calculate the remainder when 1803378 is divided by 592.
146
Calculate the remainder when 856292 is divided by 2392.
2348
Calculate the remainder when 3099521 is divided by 619895.
46
Calculate the remainder when 557041 is divided by 16866.
463
What is the remainder when 1857066 is divided by 2287?
22
Calculate the remainder when 6684583 is divided by 1357.
1
Calculate the remainder when 111275725 is divided by 22255145.
0
Calculate the remainder when 546680559 is divided by 230.
229
Calculate the remainder when 39041 is divided by 13005.
26
Calculate the remainder when 6814818 is divided by 4706.
530
What is the remainder when 184332583 is divided by 1053329?
8
Calculate the remainder when 11019887 is divided by 9.
8
Calculate the remainder when 352089 is divided by 62.
53
What is the remainder when 744516 is divided by 115?
6
What is the remainder when 287340 is divided by 1975?
965
Calculate the remainder when 205002718 is divided by 208.
206
What is the remainder when 2226568 is divided by 1411?
10
Calculate the remainder when 7339420 is divided by 788.
776
What is the remainder when 221426056 is divided by 1009?
1006
Calculate the remainder when 32565943 is divided by 1864.
1863
What is the remainder when 254099 is divided by 1828?
7
Calculate the remainder when 28994 is divided by 528.
482
What is the remainder when 18743105 is divided by 116416?
129
Calculate the remainder when 9388 is divided by 9125.
263
What is the remainder when 458542 is divided by 152804?
130
What is the remainder when 201320 is divided by 621?
116
What is the remainder when 56949274 is divided by 131827?
10
What is the remainder when 13706188 is divided by 67?
65
Calculate the remainder when 34141 is divided by 3026.
855
Calculate the remainder when 104788716 is divided by 2217.
2211
What is the remainder when 14629857 is divided by 14629837?
20
What is the remainder when 1283112 is divided by 417?
3
What is the remainder when 4726936 is divided by 472686?
76
What is the remainder when 164054347 is divided by 164054340?
7
Calculate the remainder when 1356062 is divided by 466.
2
Calculate the remainder when 539142 is divided by 179668.
138
What is the remainder when 18278047 is divided by 394?
387
What is the remainder when 84981 is divided by 84980?
1
What is the remainder when 175675930 is divided by 627414?
10
What is the remainder when 11659927 is divided by 1665658?
321
What is the remainder when 2245837 is divided by 374168?
829
What is the remainder when 345138 is divided by 2238?
486
What is the remainder when 55582 is divided by 27228?
1126
Calculate the remainder when 3810477 is divided by 2464.
1133
What is the remainder when 36680919 is divided by 3304?
3215
Calculate the remainder when 737131 is divided by 212.
7
What is the remainder when 4405436 is divided by 963?
674
What is the remainder when 251243 is divided by 125567?
109
Calculate the remainder when 157754 is divided by 526.
480
Calculate the remainder when 409023 is divided by 224.
223
What is the remainder when 92965873 is divided by 865?
863
What is the remainder when 66743 is divided by 387?
179
Calculate the remainder when 135811 is divided by 1476.
19
Calculate the remainder when 107892639 is divided by 221.
218
Calculate the remainder when 10477668 is divided by 182.
110
What is the remainder when 46131 is divided by 1096?
99
Calculate the remainder when 83288956 is divided by 89.
86
What is the remainder when 213120 is divided by 4818?
1128
Calculate the remainder when 1166070 is divided by 290